{"id":648,"date":"2022-07-20T09:27:31","date_gmt":"2022-07-20T12:27:31","guid":{"rendered":"https:\/\/otbpen.com\/loja\/?post_type=product&#038;p=648"},"modified":"2024-07-15T15:48:22","modified_gmt":"2024-07-15T18:48:22","slug":"tesoura-tecelao-arremate","status":"publish","type":"product","link":"https:\/\/otbpen.com\/loja\/product\/componentes-em-geral\/tesoura-tecelao-arremate\/","title":{"rendered":"Tesoura Tecel\u00e3o Arremate 4.1\/2&#8243;"},"content":{"rendered":"<h4><strong>Tesoura Tecel\u00e3o Arremate &#8211; 4.1\/2\u2033 (114mm)<\/strong><\/h4>\n<p>A Tesoura Tecel\u00e3o Arremate \u00e9 a escolha ideal para quem busca praticidade e efici\u00eancia no dia-a-dia. Com l\u00e2minas de a\u00e7o inox de alta qualidade, esta tesoura proporciona cortes precisos e durabilidade excepcional. Seu design ergon\u00f4mico oferece f\u00e1cil manuseio, permitindo um controle preciso durante o uso.<\/p>\n<p><strong>Caracter\u00edsticas:<\/strong><\/p>\n<ul>\n<li>Tipo: Tesoura Tecel\u00e3o Arremate<\/li>\n<li>Medida: 4.1\/2\u2033 (114mm)<\/li>\n<li>Material: A\u00e7o Inox<\/li>\n<\/ul>\n<p>Perfeita para diversos tipos de cortes em tecidos e materiais diversos, a Tesoura Tecel\u00e3o Arremate \u00e9 indispens\u00e1vel para artes\u00e3os, costureiros e entusiastas de trabalhos manuais. Seja para uso profissional ou hobby, esta tesoura garante performance superior e durabilidade, facilitando o arremate perfeito de suas cria\u00e7\u00f5es.<\/p>\n<p>&nbsp;<\/p>\n","protected":false},"excerpt":{"rendered":"<p>Tesoura Tecel\u00e3o Arremate &#8211; 4.1\/2\u2033 (114mm) A Tesoura Tecel\u00e3o Arremate \u00e9 a escolha ideal para quem busca praticidade e efici\u00eancia no dia-a-dia. Com l\u00e2minas de a\u00e7o inox de alta qualidade, esta tesoura proporciona cortes precisos e durabilidade excepcional. Seu design ergon\u00f4mico oferece f\u00e1cil manuseio, permitindo um controle preciso durante o uso. Caracter\u00edsticas: Tipo: Tesoura Tecel\u00e3o&hellip;<\/p>\n","protected":false},"featured_media":649,"comment_status":"open","ping_status":"closed","template":"","meta":[],"product_cat":[22],"product_tag":[],"class_list":{"0":"post-648","1":"product","2":"type-product","3":"status-publish","4":"has-post-thumbnail","6":"product_cat-componentes-em-geral","8":"first","9":"instock","10":"shipping-taxable","11":"purchasable","12":"product-type-simple","13":"col-xs-6 col-sm-4","14":"col-md-3 col-lg-3","15":"un-4-cols"},"_links":{"self":[{"href":"https:\/\/otbpen.com\/loja\/wp-json\/wp\/v2\/product\/648","targetHints":{"allow":["GET"]}}],"collection":[{"href":"https:\/\/otbpen.com\/loja\/wp-json\/wp\/v2\/product"}],"about":[{"href":"https:\/\/otbpen.com\/loja\/wp-json\/wp\/v2\/types\/product"}],"replies":[{"embeddable":true,"href":"https:\/\/otbpen.com\/loja\/wp-json\/wp\/v2\/comments?post=648"}],"wp:featuredmedia":[{"embeddable":true,"href":"https:\/\/otbpen.com\/loja\/wp-json\/wp\/v2\/media\/649"}],"wp:attachment":[{"href":"https:\/\/otbpen.com\/loja\/wp-json\/wp\/v2\/media?parent=648"}],"wp:term":[{"taxonomy":"product_cat","embeddable":true,"href":"https:\/\/otbpen.com\/loja\/wp-json\/wp\/v2\/product_cat?post=648"},{"taxonomy":"product_tag","embeddable":true,"href":"https:\/\/otbpen.com\/loja\/wp-json\/wp\/v2\/product_tag?post=648"}],"curies":[{"name":"wp","href":"https:\/\/api.w.org\/{rel}","templated":true}]}}