{"id":688,"date":"2022-07-21T11:41:31","date_gmt":"2022-07-21T14:41:31","guid":{"rendered":"https:\/\/otbpen.com\/loja\/?post_type=product&#038;p=688"},"modified":"2026-01-20T09:44:32","modified_gmt":"2026-01-20T12:44:32","slug":"light-power","status":"publish","type":"product","link":"https:\/\/otbpen.com\/loja\/product\/marcadores-invisiveis\/light-power\/","title":{"rendered":"Invisible Pen | Caneta UV Verde \u2013 Intensidade M\u00e9dia (Cx c\/ 12un)"},"content":{"rendered":"<p><strong>Aten\u00e7\u00e3o! Valor correspondente a embalagem com 12 unidades.<\/strong><\/p>\n<p><strong>Caneta hidrogr\u00e1fica desenvolvida com a tecnologia Invisible Pen OTB.<\/strong><\/p>\n<p><strong>Indica\u00e7\u00e3o de uso:<\/strong> tinta m\u00e9dia indicada para cores m\u00e9dias em materiais porosos, sint\u00e9ticos, couros, graxos e oleosos, nylon, nylon colmeia e em v\u00e1rios outros tipos de materiais com as mesmas caracter\u00edsticas. N\u00e3o \u00e9 recomendada para cor branca e escura.<\/p>\n<p><strong>Ponta<\/strong>: PAB (Ponta Acr\u00edlica Branca)<\/p>\n<p><strong>Cor em contato com a ilumina\u00e7\u00e3o uv:<\/strong> verde<\/p>\n<p><strong>Tinta<\/strong>: ecol\u00f3gica<\/p>\n<p><strong>ATEN\u00c7\u00c3O<\/strong>: \u00c9 necess\u00e1rio o uso de dispositivo de ilumina\u00e7\u00e3o UV para visualizar as marca\u00e7\u00f5es da Invisible Pen.<br \/>\nClique aqui para conhecer as op\u00e7\u00f5es de <a href=\"https:\/\/otbpen.com\/loja\/iluminacao-led-uv\/\">ilumina\u00e7\u00e3o UV<\/a> e <a href=\"https:\/\/otbpen.com\/loja\/hastes-e-suportes\/\">hastes pr\u00e1ticas<\/a> da OTB.<\/p>\n<p><strong>Importante<\/strong>: \u00c9 recomendado fazer testes de prova nas aplica\u00e7\u00f5es desejadas antes de colocar em linha de produ\u00e7\u00e3o.<\/p>\n<p>A tecnologia Invisible Pen \u00e9 patenteada pela OTB e foi desenvolvida para que a tinta das canetas de demarca\u00e7\u00e3o seja invis\u00edvel a olho nu, podendo ser vista somente com luz ultra violeta, a curta dist\u00e2ncia. Os produtos dessa linha s\u00e3o de f\u00e1cil aplica\u00e7\u00e3o e oferecem precis\u00e3o, visibilidade e risco perfeito. Isso \u00e9 poss\u00edvel devido \u00e0 efici\u00eancia das tintas especiais e \u00e0 pot\u00eancia dos dispositivos de ilumina\u00e7\u00e3o da linha Power Lumini.<\/p>\n<p><strong><br \/>\nEspecifica\u00e7\u00f5es<\/strong><\/p>\n<p><strong>Componentes:<\/strong> Corpo, batoque, tampa, ponta, feltro e tinta<\/p>\n<p><strong>Composi\u00e7\u00e3o s\u00f3lida:<\/strong> 100% PP<\/p>\n<p><strong>Composi\u00e7\u00e3o l\u00edquida:<\/strong> L\u00edquido incolor de odor caracter\u00edstico; Solventes hidrox\u00edlicos; Densidade \u00e0 20\u00baC: 0,94952g\/cm3<\/p>\n<p><strong>Armazenamento:<\/strong> Evitar exposi\u00e7\u00e3o sob toda fonte de luz, chuva e temperaturas elevadas; Local ventilado e afastado de produtos qu\u00edmicos incompat\u00edveis, como agentes oxidantes fortes (cloratos, per\u00f3xidos e \u00e1cidos). Armazenar as caixas na posi\u00e7\u00e3o horizontal.<\/p>\n","protected":false},"excerpt":{"rendered":"<p>Aten\u00e7\u00e3o! Valor correspondente a embalagem com 12 unidades. Caneta hidrogr\u00e1fica desenvolvida com a tecnologia Invisible Pen OTB. Indica\u00e7\u00e3o de uso: tinta m\u00e9dia indicada para cores m\u00e9dias em materiais porosos, sint\u00e9ticos, couros, graxos e oleosos, nylon, nylon colmeia e em v\u00e1rios outros tipos de materiais com as mesmas caracter\u00edsticas. N\u00e3o \u00e9 recomendada para cor branca e&hellip;<\/p>\n","protected":false},"featured_media":1384,"comment_status":"open","ping_status":"closed","template":"","meta":[],"product_cat":[15],"product_tag":[],"class_list":{"0":"post-688","1":"product","2":"type-product","3":"status-publish","4":"has-post-thumbnail","6":"product_cat-marcadores-invisiveis","7":"pa_ponta-caneta-pab","8":"pa_ponta-caneta-pam","9":"pa_ponta-caneta-pfp","11":"first","12":"instock","13":"shipping-taxable","14":"purchasable","15":"product-type-variable","16":"has-default-attributes","17":"col-xs-6 col-sm-4","18":"col-md-3 col-lg-3","19":"un-4-cols"},"_links":{"self":[{"href":"https:\/\/otbpen.com\/loja\/wp-json\/wp\/v2\/product\/688","targetHints":{"allow":["GET"]}}],"collection":[{"href":"https:\/\/otbpen.com\/loja\/wp-json\/wp\/v2\/product"}],"about":[{"href":"https:\/\/otbpen.com\/loja\/wp-json\/wp\/v2\/types\/product"}],"replies":[{"embeddable":true,"href":"https:\/\/otbpen.com\/loja\/wp-json\/wp\/v2\/comments?post=688"}],"wp:featuredmedia":[{"embeddable":true,"href":"https:\/\/otbpen.com\/loja\/wp-json\/wp\/v2\/media\/1384"}],"wp:attachment":[{"href":"https:\/\/otbpen.com\/loja\/wp-json\/wp\/v2\/media?parent=688"}],"wp:term":[{"taxonomy":"product_cat","embeddable":true,"href":"https:\/\/otbpen.com\/loja\/wp-json\/wp\/v2\/product_cat?post=688"},{"taxonomy":"product_tag","embeddable":true,"href":"https:\/\/otbpen.com\/loja\/wp-json\/wp\/v2\/product_tag?post=688"}],"curies":[{"name":"wp","href":"https:\/\/api.w.org\/{rel}","templated":true}]}}