{"id":75,"date":"2022-07-04T15:49:52","date_gmt":"2022-07-04T18:49:52","guid":{"rendered":"https:\/\/otbpen.com\/loja\/?post_type=product&#038;p=75"},"modified":"2026-01-20T08:43:29","modified_gmt":"2026-01-20T11:43:29","slug":"caneta-para-apagar-risco-clean-pen-risk","status":"publish","type":"product","link":"https:\/\/otbpen.com\/loja\/product\/marcadores-convencionais\/caneta-para-apagar-risco-clean-pen-risk\/","title":{"rendered":"Caneta OTB para apagar risco &#8211; Clean Pen Risk (Cx c\/ 10un)"},"content":{"rendered":"<h4>Caneta para apagar riscos. Muito utilizada para remover marca\u00e7\u00e3o feita com refil prata marca couro.<\/h4>\n<p>Pode ser aplicada em diversos materiais: laminados sint\u00e9ticos, nylon, couros, napas, tecidos, lona, solados etc.; sendo superf\u00edcie lisa ou porosa.<\/p>\n<p>Passe a caneta sobre a marca\u00e7\u00e3o e aguarde alguns segundos para que ela desapare\u00e7a da superf\u00edcie.<\/p>\n<p>A Clean Pen Risk OTB oferece praticidade e economia quando comparada aos m\u00e9todos convencionais de limpeza com solvente e borrachas de fric\u00e7\u00e3o.<\/p>\n<p><strong>Especifica\u00e7\u00f5es<\/strong><\/p>\n<p><strong>Componentes:<\/strong> Corpo, batoque, ponta, tampa, feltro e l\u00edquido apagador<\/p>\n<p><strong>Composi\u00e7\u00e3o s\u00f3lida:<\/strong> 100% PS<\/p>\n<p><strong>Composi\u00e7\u00e3o l\u00edquida:<\/strong> L\u00edquido incolor e odor caracter\u00edstico; Densidade \u00e0 20\u00baC: 0,87905 g\/cm3<\/p>\n<p><strong>Armazenamento:<\/strong> Evitar exposi\u00e7\u00e3o sob toda fonte de luz, chuva e temperaturas elevadas; Local ventilado e afastado de produtos qu\u00edmicos incompat\u00edveis, como agentes oxidantes fortes (cloratos, per\u00f3xidos e \u00e1cidos). Armazenar as caixas na posi\u00e7\u00e3o horizontal.<\/p>\n","protected":false},"excerpt":{"rendered":"<p>Caneta para apagar riscos. Muito utilizada para remover marca\u00e7\u00e3o feita com refil prata marca couro. Pode ser aplicada em diversos materiais: laminados sint\u00e9ticos, nylon, couros, napas, tecidos, lona, solados etc.; sendo superf\u00edcie lisa ou porosa. Passe a caneta sobre a marca\u00e7\u00e3o e aguarde alguns segundos para que ela desapare\u00e7a da superf\u00edcie. A Clean Pen Risk&hellip;<\/p>\n","protected":false},"featured_media":76,"comment_status":"open","ping_status":"closed","template":"","meta":[],"product_cat":[21],"product_tag":[],"class_list":{"0":"post-75","1":"product","2":"type-product","3":"status-publish","4":"has-post-thumbnail","6":"product_cat-marcadores-convencionais","8":"first","9":"instock","10":"shipping-taxable","11":"purchasable","12":"product-type-simple","13":"col-xs-6 col-sm-4","14":"col-md-3 col-lg-3","15":"un-4-cols"},"_links":{"self":[{"href":"https:\/\/otbpen.com\/loja\/wp-json\/wp\/v2\/product\/75","targetHints":{"allow":["GET"]}}],"collection":[{"href":"https:\/\/otbpen.com\/loja\/wp-json\/wp\/v2\/product"}],"about":[{"href":"https:\/\/otbpen.com\/loja\/wp-json\/wp\/v2\/types\/product"}],"replies":[{"embeddable":true,"href":"https:\/\/otbpen.com\/loja\/wp-json\/wp\/v2\/comments?post=75"}],"wp:featuredmedia":[{"embeddable":true,"href":"https:\/\/otbpen.com\/loja\/wp-json\/wp\/v2\/media\/76"}],"wp:attachment":[{"href":"https:\/\/otbpen.com\/loja\/wp-json\/wp\/v2\/media?parent=75"}],"wp:term":[{"taxonomy":"product_cat","embeddable":true,"href":"https:\/\/otbpen.com\/loja\/wp-json\/wp\/v2\/product_cat?post=75"},{"taxonomy":"product_tag","embeddable":true,"href":"https:\/\/otbpen.com\/loja\/wp-json\/wp\/v2\/product_tag?post=75"}],"curies":[{"name":"wp","href":"https:\/\/api.w.org\/{rel}","templated":true}]}}